[INFO] cloning repository https://github.com/deepjoy/project-euler-rust
[INFO] running `Command { std: "git" "-c" "credential.helper=" "-c" "credential.helper=/workspace/cargo-home/bin/git-credential-null" "clone" "--bare" "https://github.com/deepjoy/project-euler-rust" "/workspace/cache/git-repos/https%3A%2F%2Fgithub.com%2Fdeepjoy%2Fproject-euler-rust", kill_on_drop: false }`
[INFO] [stderr] Cloning into bare repository '/workspace/cache/git-repos/https%3A%2F%2Fgithub.com%2Fdeepjoy%2Fproject-euler-rust'...
[INFO] running `Command { std: "git" "rev-parse" "HEAD", kill_on_drop: false }`
[INFO] [stdout] 3b00495cf3ce3d0d5afd9843581b6b4420d927ea
[INFO] checking deepjoy/project-euler-rust against try#72f88fc4e9458f89516a0b8b0868f3718aec5b47 for pr-74989
[INFO] running `Command { std: "git" "clone" "/workspace/cache/git-repos/https%3A%2F%2Fgithub.com%2Fdeepjoy%2Fproject-euler-rust" "/workspace/builds/worker-5/source", kill_on_drop: false }`
[INFO] [stderr] Cloning into '/workspace/builds/worker-5/source'...
[INFO] [stderr] done.
[INFO] validating manifest of git repo https://github.com/deepjoy/project-euler-rust on toolchain 72f88fc4e9458f89516a0b8b0868f3718aec5b47
[INFO] running `Command { std: "/workspace/cargo-home/bin/cargo" "+72f88fc4e9458f89516a0b8b0868f3718aec5b47" "read-manifest" "--manifest-path" "Cargo.toml", kill_on_drop: false }`
[INFO] started tweaking git repo https://github.com/deepjoy/project-euler-rust
[INFO] finished tweaking git repo https://github.com/deepjoy/project-euler-rust
[INFO] tweaked toml for git repo https://github.com/deepjoy/project-euler-rust written to /workspace/builds/worker-5/source/Cargo.toml
[INFO] crate git repo https://github.com/deepjoy/project-euler-rust already has a lockfile, it will not be regenerated
[INFO] running `Command { std: "/workspace/cargo-home/bin/cargo" "+72f88fc4e9458f89516a0b8b0868f3718aec5b47" "fetch" "--locked" "--manifest-path" "Cargo.toml", kill_on_drop: false }`
[INFO] running `Command { std: "docker" "create" "-v" "/var/lib/crater-agent-workspace/builds/worker-5/target:/opt/rustwide/target:rw,Z" "-v" "/var/lib/crater-agent-workspace/builds/worker-5/source:/opt/rustwide/workdir:ro,Z" "-v" "/var/lib/crater-agent-workspace/cargo-home:/opt/rustwide/cargo-home:ro,Z" "-v" "/var/lib/crater-agent-workspace/rustup-home:/opt/rustwide/rustup-home:ro,Z" "-e" "SOURCE_DIR=/opt/rustwide/workdir" "-e" "CARGO_TARGET_DIR=/opt/rustwide/target" "-e" "CARGO_HOME=/opt/rustwide/cargo-home" "-e" "RUSTUP_HOME=/opt/rustwide/rustup-home" "-w" "/opt/rustwide/workdir" "-m" "1610612736" "--user" "0:0" "--network" "none" "rustops/crates-build-env@sha256:d92eaeed33fa75130ca1ee6c8a01d1ffb62bac859dfdfb3450e3e5d1c0146529" "/opt/rustwide/cargo-home/bin/cargo" "+72f88fc4e9458f89516a0b8b0868f3718aec5b47" "metadata" "--no-deps" "--format-version=1", kill_on_drop: false }`
[INFO] [stderr] WARNING: Your kernel does not support swap limit capabilities or the cgroup is not mounted. Memory limited without swap.
[INFO] [stdout] 55ec792d660256f7ff6c92c5203ad88be2f1a6118beee8cdfba41f3a8a96dc98
[INFO] running `Command { std: "docker" "start" "-a" "55ec792d660256f7ff6c92c5203ad88be2f1a6118beee8cdfba41f3a8a96dc98", kill_on_drop: false }`
[INFO] running `Command { std: "docker" "inspect" "55ec792d660256f7ff6c92c5203ad88be2f1a6118beee8cdfba41f3a8a96dc98", kill_on_drop: false }`
[INFO] running `Command { std: "docker" "rm" "-f" "55ec792d660256f7ff6c92c5203ad88be2f1a6118beee8cdfba41f3a8a96dc98", kill_on_drop: false }`
[INFO] [stdout] 55ec792d660256f7ff6c92c5203ad88be2f1a6118beee8cdfba41f3a8a96dc98
[INFO] running `Command { std: "docker" "create" "-v" "/var/lib/crater-agent-workspace/builds/worker-5/target:/opt/rustwide/target:rw,Z" "-v" "/var/lib/crater-agent-workspace/builds/worker-5/source:/opt/rustwide/workdir:ro,Z" "-v" "/var/lib/crater-agent-workspace/cargo-home:/opt/rustwide/cargo-home:ro,Z" "-v" "/var/lib/crater-agent-workspace/rustup-home:/opt/rustwide/rustup-home:ro,Z" "-e" "SOURCE_DIR=/opt/rustwide/workdir" "-e" "CARGO_TARGET_DIR=/opt/rustwide/target" "-e" "CARGO_INCREMENTAL=0" "-e" "RUST_BACKTRACE=full" "-e" "RUSTFLAGS=--cap-lints=forbid" "-e" "CARGO_HOME=/opt/rustwide/cargo-home" "-e" "RUSTUP_HOME=/opt/rustwide/rustup-home" "-w" "/opt/rustwide/workdir" "-m" "1610612736" "--user" "0:0" "--network" "none" "rustops/crates-build-env@sha256:d92eaeed33fa75130ca1ee6c8a01d1ffb62bac859dfdfb3450e3e5d1c0146529" "/opt/rustwide/cargo-home/bin/cargo" "+72f88fc4e9458f89516a0b8b0868f3718aec5b47" "check" "--frozen" "--all" "--all-targets" "--message-format=json", kill_on_drop: false }`
[INFO] [stdout] f590f84c511b6dce4938ae724c68c522f93aad30b3908607ca535a4e93a226a9
[INFO] [stderr] WARNING: Your kernel does not support swap limit capabilities or the cgroup is not mounted. Memory limited without swap.
[INFO] running `Command { std: "docker" "start" "-a" "f590f84c511b6dce4938ae724c68c522f93aad30b3908607ca535a4e93a226a9", kill_on_drop: false }`
[INFO] [stderr]     Checking project-euler-rust v0.0.1 (/opt/rustwide/workdir)
[INFO] [stdout] error: invalid suffix `u` for integer literal
[INFO] [stdout]   --> src/bin/2.rs:28:15
[INFO] [stdout]    |
[INFO] [stdout] 28 |         let limit = 4000000u;
[INFO] [stdout]    |                     ^^^^^^^^ invalid suffix `u`
[INFO] [stdout]    |
[INFO] [stdout]    = help: the suffix must be one of the integral types (`u32`, `isize`, etc)
[INFO] [stdout] 
[INFO] [stdout] 
[INFO] [stdout] error: invalid suffix `u` for integer literal
[INFO] [stdout]   --> src/bin/2.rs:30:17
[INFO] [stdout]    |
[INFO] [stdout] 30 |         let mut sum = 0u;
[INFO] [stdout]    |                       ^^ invalid suffix `u`
[INFO] [stdout]    |
[INFO] [stdout]    = help: the suffix must be one of the integral types (`u32`, `isize`, etc)
[INFO] [stdout] 
[INFO] [stdout] 
[INFO] [stdout] error: invalid suffix `u` for integer literal
[INFO] [stdout]   --> src/bin/2.rs:28:15
[INFO] [stdout]    |
[INFO] [stdout] 28 |         let limit = 4000000u;
[INFO] [stdout]    |                     ^^^^^^^^ invalid suffix `u`
[INFO] [stdout]    |
[INFO] [stdout]    = help: the suffix must be one of the integral types (`u32`, `isize`, etc)
[INFO] [stdout] 
[INFO] [stdout] 
[INFO] [stdout] error: invalid suffix `u` for integer literal
[INFO] [stdout]   --> src/bin/2.rs:30:17
[INFO] [stdout]    |
[INFO] [stdout] 30 |         let mut sum = 0u;
[INFO] [stdout]    |                       ^^ invalid suffix `u`
[INFO] [stdout]    |
[INFO] [stdout]    = help: the suffix must be one of the integral types (`u32`, `isize`, etc)
[INFO] [stdout] 
[INFO] [stdout] 
[INFO] [stdout] error: invalid suffix `u` for integer literal
[INFO] [stdout]  --> src/bin/5.rs:9:19
[INFO] [stdout]   |
[INFO] [stdout] 9 |     let mut result = 1u;
[INFO] [stdout]   |                      ^^ invalid suffix `u`
[INFO] [stdout]   |
[INFO] [stdout]   = help: the suffix must be one of the integral types (`u32`, `isize`, etc)
[INFO] [stdout] 
[INFO] [stdout] 
[INFO] [stdout] error: invalid suffix `u` for integer literal
[INFO] [stdout]   --> src/bin/5.rs:10:17
[INFO] [stdout]    |
[INFO] [stdout] 10 |     for x in range(1u,20) {
[INFO] [stdout]    |                    ^^ invalid suffix `u`
[INFO] [stdout]    |
[INFO] [stdout]    = help: the suffix must be one of the integral types (`u32`, `isize`, etc)
[INFO] [stdout] 
[INFO] [stdout] 
[INFO] [stdout] error: invalid suffix `u` for integer literal
[INFO] [stdout]  --> src/bin/4.rs:7:20
[INFO] [stdout]   |
[INFO] [stdout] 7 |     let mut max_num = 0u;
[INFO] [stdout]   |                       ^^ invalid suffix `u`
[INFO] [stdout]   |
[INFO] [stdout]   = help: the suffix must be one of the integral types (`u32`, `isize`, etc)
[INFO] [stdout] 
[INFO] [stdout] 
[INFO] [stdout] error: invalid suffix `u` for integer literal
[INFO] [stdout]  --> src/bin/4.rs:7:20
[INFO] [stdout]   |
[INFO] [stdout] 7 |     let mut max_num = 0u;
[INFO] [stdout]   |                       ^^ invalid suffix `u`
[INFO] [stdout]   |
[INFO] [stdout]   = help: the suffix must be one of the integral types (`u32`, `isize`, etc)
[INFO] [stdout] 
[INFO] [stdout] 
[INFO] [stdout] error: invalid suffix `u` for integer literal
[INFO] [stdout]  --> src/bin/4.rs:8:17
[INFO] [stdout]   |
[INFO] [stdout] 8 |     for x in range(100u, 1000).rev() {
[INFO] [stdout]   |                    ^^^^ invalid suffix `u`
[INFO] [stdout]   |
[INFO] [stdout]   = help: the suffix must be one of the integral types (`u32`, `isize`, etc)
[INFO] [stdout] 
[INFO] [stdout] 
[INFO] [stdout] error: invalid suffix `u` for integer literal
[INFO] [stdout]  --> src/bin/4.rs:9:18
[INFO] [stdout]   |
[INFO] [stdout] 9 |         for y in range(100u, 1000).rev() {
[INFO] [stdout]   |                        ^^^^ invalid suffix `u`
[INFO] [stdout]   |
[INFO] [stdout]   = help: the suffix must be one of the integral types (`u32`, `isize`, etc)
[INFO] [stdout] 
[INFO] [stdout] 
[INFO] [stdout] error: invalid suffix `u` for integer literal
[INFO] [stdout]  --> src/bin/3.rs:2:16
[INFO] [stdout]   |
[INFO] [stdout] 2 |     let mut num = 600851475143u;
[INFO] [stdout]   |                   ^^^^^^^^^^^^^ invalid suffix `u`
[INFO] [stdout]   |
[INFO] [stdout]   = help: the suffix must be one of the integral types (`u32`, `isize`, etc)
[INFO] [stdout] 
[INFO] [stdout] 
[INFO] [stdout] error: invalid suffix `u` for integer literal
[INFO] [stdout]  --> src/bin/3.rs:3:20
[INFO] [stdout]   |
[INFO] [stdout] 3 |     let mut counter = 1u;
[INFO] [stdout]   |                       ^^ invalid suffix `u`
[INFO] [stdout]   |
[INFO] [stdout]   = help: the suffix must be one of the integral types (`u32`, `isize`, etc)
[INFO] [stdout] 
[INFO] [stdout] 
[INFO] [stdout] error: invalid suffix `u` for integer literal
[INFO] [stdout]  --> src/bin/4.rs:8:17
[INFO] [stdout]   |
[INFO] [stdout] 8 |     for x in range(100u, 1000).rev() {
[INFO] [stdout]   |                    ^^^^ invalid suffix `u`
[INFO] [stdout]   |
[INFO] [stdout]   = help: the suffix must be one of the integral types (`u32`, `isize`, etc)
[INFO] [stdout] 
[INFO] [stdout] 
[INFO] [stdout] error: invalid suffix `u` for integer literal
[INFO] [stdout]  --> src/bin/3.rs:4:26
[INFO] [stdout]   |
[INFO] [stdout] 4 |     let mut largest_prime = 1u;
[INFO] [stdout]   |                             ^^ invalid suffix `u`
[INFO] [stdout]   |
[INFO] [stdout]   = help: the suffix must be one of the integral types (`u32`, `isize`, etc)
[INFO] [stdout] 
[INFO] [stdout] 
[INFO] [stdout] error: invalid suffix `u` for integer literal
[INFO] [stdout]  --> src/bin/4.rs:9:18
[INFO] [stdout]   |
[INFO] [stdout] 9 |         for y in range(100u, 1000).rev() {
[INFO] [stdout]   |                        ^^^^ invalid suffix `u`
[INFO] [stdout]   |
[INFO] [stdout]   = help: the suffix must be one of the integral types (`u32`, `isize`, etc)
[INFO] [stdout] 
[INFO] [stdout] 
[INFO] [stdout] error[E0412]: cannot find type `uint` in this scope
[INFO] [stdout]  --> src/bin/5.rs:1:10
[INFO] [stdout]   |
[INFO] [stdout] 1 | fn gcd(a:uint, b:uint) -> uint {
[INFO] [stdout]   |          ^^^^ not found in this scope
[INFO] [stdout] 
[INFO] [stdout] 
[INFO] [stdout] error[E0412]: cannot find type `uint` in this scope
[INFO] [stdout]  --> src/bin/5.rs:1:18
[INFO] [stdout]   |
[INFO] [stdout] 1 | fn gcd(a:uint, b:uint) -> uint {
[INFO] [stdout]   |                  ^^^^ not found in this scope
[INFO] [stdout] 
[INFO] [stdout] 
[INFO] [stdout] error[E0412]: cannot find type `uint` in this scope
[INFO] [stdout]  --> src/bin/5.rs:1:27
[INFO] [stdout]   |
[INFO] [stdout] 1 | fn gcd(a:uint, b:uint) -> uint {
[INFO] [stdout]   |                           ^^^^ not found in this scope
[INFO] [stdout] 
[INFO] [stdout] 
[INFO] [stdout] error[E0425]: cannot find function `range` in this scope
[INFO] [stdout]   --> src/bin/5.rs:10:11
[INFO] [stdout]    |
[INFO] [stdout] 10 |     for x in range(1u,20) {
[INFO] [stdout]    |              ^^^^^ not found in this scope
[INFO] [stdout] 
[INFO] [stdout] 
[INFO] [stdout] error[E0412]: cannot find type `uint` in this scope
[INFO] [stdout]   --> src/bin/5.rs:11:11
[INFO] [stdout]    |
[INFO] [stdout] 11 |         let hcf:uint = gcd(x,result);
[INFO] [stdout]    |                 ^^^^ not found in this scope
[INFO] [stdout] 
[INFO] [stdout] 
[INFO] [stdout] error: invalid suffix `u` for integer literal
[INFO] [stdout]  --> src/bin/3.rs:2:16
[INFO] [stdout]   |
[INFO] [stdout] 2 |     let mut num = 600851475143u;
[INFO] [stdout]   |                   ^^^^^^^^^^^^^ invalid suffix `u`
[INFO] [stdout]   |
[INFO] [stdout]   = help: the suffix must be one of the integral types (`u32`, `isize`, etc)
[INFO] [stdout] 
[INFO] [stdout] 
[INFO] [stdout] error[E0412]: cannot find type `uint` in this scope
[INFO] [stdout]  --> src/bin/4.rs:1:24
[INFO] [stdout]   |
[INFO] [stdout] 1 | fn is_palindromic(num: uint) -> bool {
[INFO] [stdout]   |                        ^^^^ not found in this scope
[INFO] [stdout] 
[INFO] [stdout] 
[INFO] [stdout] error[E0425]: cannot find function `range` in this scope
[INFO] [stdout]  --> src/bin/4.rs:8:11
[INFO] [stdout]   |
[INFO] [stdout] 8 |     for x in range(100u, 1000).rev() {
[INFO] [stdout]   |              ^^^^^ not found in this scope
[INFO] [stdout] 
[INFO] [stdout] 
[INFO] [stdout] error: invalid suffix `u` for integer literal
[INFO] [stdout]  --> src/bin/3.rs:3:20
[INFO] [stdout]   |
[INFO] [stdout] 3 |     let mut counter = 1u;
[INFO] [stdout]   |                       ^^ invalid suffix `u`
[INFO] [stdout]   |
[INFO] [stdout]   = help: the suffix must be one of the integral types (`u32`, `isize`, etc)
[INFO] [stdout] 
[INFO] [stdout] 
[INFO] [stdout] error[E0425]: cannot find function `range` in this scope
[INFO] [stdout]  --> src/bin/4.rs:9:12
[INFO] [stdout]   |
[INFO] [stdout] 9 |         for y in range(100u, 1000).rev() {
[INFO] [stdout]   |                  ^^^^^ not found in this scope
[INFO] [stdout] 
[INFO] [stdout] 
[INFO] [stdout] error: invalid suffix `u` for integer literal
[INFO] [stdout]  --> src/bin/3.rs:4:26
[INFO] [stdout]   |
[INFO] [stdout] 4 |     let mut largest_prime = 1u;
[INFO] [stdout]   |                             ^^ invalid suffix `u`
[INFO] [stdout]   |
[INFO] [stdout]   = help: the suffix must be one of the integral types (`u32`, `isize`, etc)
[INFO] [stdout] 
[INFO] [stdout] 
[INFO] [stdout] error: aborting due to 7 previous errors
[INFO] [stdout] 
[INFO] [stdout] 
[INFO] [stdout] Some errors have detailed explanations: E0412, E0425.
[INFO] [stdout] 
[INFO] [stdout] For more information about an error, try `rustc --explain E0412`.
[INFO] [stdout] 
[INFO] [stdout] error[E0412]: cannot find type `uint` in this scope
[INFO] [stdout]  --> src/bin/2.rs:4:11
[INFO] [stdout]   |
[INFO] [stdout] 4 |     curr: uint,
[INFO] [stdout]   |           ^^^^ not found in this scope
[INFO] [stdout] 
[INFO] [stdout] 
[INFO] [stdout] error[E0412]: cannot find type `uint` in this scope
[INFO] [stdout]  --> src/bin/2.rs:5:11
[INFO] [stdout]   |
[INFO] [stdout] 5 |     next: uint,
[INFO] [stdout]   |           ^^^^ not found in this scope
[INFO] [stdout] 
[INFO] [stdout] 
[INFO] [stdout] error[E0412]: cannot find type `uint` in this scope
[INFO] [stdout]  --> src/bin/2.rs:9:15
[INFO] [stdout]   |
[INFO] [stdout] 9 | impl Iterator<uint> for Fibonacci {
[INFO] [stdout]   |     -         ^^^^ not found in this scope
[INFO] [stdout]   |     |
[INFO] [stdout]   |     help: you might be missing a type parameter: `<uint>`
[INFO] [stdout] 
[INFO] [stdout] 
[INFO] [stdout] error[E0412]: cannot find type `uint` in this scope
[INFO] [stdout]   --> src/bin/2.rs:13:34
[INFO] [stdout]    |
[INFO] [stdout] 9  | impl Iterator<uint> for Fibonacci {
[INFO] [stdout]    |     - help: you might be missing a type parameter: `<uint>`
[INFO] [stdout] ...
[INFO] [stdout] 13 |     fn next(&mut self) -> Option<uint> {
[INFO] [stdout]    |                                  ^^^^ not found in this scope
[INFO] [stdout] 
[INFO] [stdout] 
[INFO] [stdout] error[E0412]: cannot find type `uint` in this scope
[INFO] [stdout]  --> src/bin/2.rs:4:11
[INFO] [stdout]   |
[INFO] [stdout] 4 |     curr: uint,
[INFO] [stdout]   |           ^^^^ not found in this scope
[INFO] [stdout] 
[INFO] [stdout] 
[INFO] [stdout] error[E0412]: cannot find type `uint` in this scope
[INFO] [stdout]  --> src/bin/2.rs:5:11
[INFO] [stdout]   |
[INFO] [stdout] 5 |     next: uint,
[INFO] [stdout]   |           ^^^^ not found in this scope
[INFO] [stdout] 
[INFO] [stdout] 
[INFO] [stdout] error[E0412]: cannot find type `uint` in this scope
[INFO] [stdout]  --> src/bin/2.rs:9:15
[INFO] [stdout]   |
[INFO] [stdout] 9 | impl Iterator<uint> for Fibonacci {
[INFO] [stdout]   |     -         ^^^^ not found in this scope
[INFO] [stdout]   |     |
[INFO] [stdout]   |     help: you might be missing a type parameter: `<uint>`
[INFO] [stdout] 
[INFO] [stdout] 
[INFO] [stdout] error[E0412]: cannot find type `uint` in this scope
[INFO] [stdout]   --> src/bin/2.rs:13:34
[INFO] [stdout]    |
[INFO] [stdout] 9  | impl Iterator<uint> for Fibonacci {
[INFO] [stdout]    |     - help: you might be missing a type parameter: `<uint>`
[INFO] [stdout] ...
[INFO] [stdout] 13 |     fn next(&mut self) -> Option<uint> {
[INFO] [stdout]    |                                  ^^^^ not found in this scope
[INFO] [stdout] 
[INFO] [stdout] 
[INFO] [stdout] error: invalid suffix `u` for integer literal
[INFO] [stdout]  --> src/bin/5.rs:9:19
[INFO] [stdout]   |
[INFO] [stdout] 9 |     let mut result = 1u;
[INFO] [stdout]   |                      ^^ invalid suffix `u`
[INFO] [stdout]   |
[INFO] [stdout]   = help: the suffix must be one of the integral types (`u32`, `isize`, etc)
[INFO] [stdout] 
[INFO] [stdout] 
[INFO] [stdout] error: invalid suffix `u` for integer literal
[INFO] [stdout]   --> src/bin/5.rs:10:17
[INFO] [stdout]    |
[INFO] [stdout] 10 |     for x in range(1u,20) {
[INFO] [stdout]    |                    ^^ invalid suffix `u`
[INFO] [stdout]    |
[INFO] [stdout]    = help: the suffix must be one of the integral types (`u32`, `isize`, etc)
[INFO] [stdout] 
[INFO] [stdout] 
[INFO] [stdout] error: aborting due to 6 previous errors
[INFO] [stdout] 
[INFO] [stdout] 
[INFO] [stdout] Some errors have detailed explanations: E0412, E0425.
[INFO] [stdout] 
[INFO] [stdout] For more information about an error, try `rustc --explain E0412`.
[INFO] [stdout] 
[INFO] [stderr] error: could not compile `project-euler-rust`.
[INFO] [stderr] 
[INFO] [stderr] To learn more, run the command again with --verbose.
[INFO] [stderr] warning: build failed, waiting for other jobs to finish...
[INFO] [stdout] error[E0107]: wrong number of type arguments: expected 0, found 1
[INFO] [stdout]  --> src/bin/2.rs:9:15
[INFO] [stdout]   |
[INFO] [stdout] 9 | impl Iterator<uint> for Fibonacci {
[INFO] [stdout]   |               ^^^^ unexpected type argument
[INFO] [stdout] 
[INFO] [stdout] 
[INFO] [stdout] error[E0107]: wrong number of type arguments: expected 0, found 1
[INFO] [stdout]  --> src/bin/2.rs:9:15
[INFO] [stdout]   |
[INFO] [stdout] 9 | impl Iterator<uint> for Fibonacci {
[INFO] [stdout]   |               ^^^^ unexpected type argument
[INFO] [stdout] 
[INFO] [stdout] 
[INFO] [stdout] error: invalid suffix `u` for integer literal
[INFO] [stdout]  --> src/bin/1.rs:2:16
[INFO] [stdout]   |
[INFO] [stdout] 2 |     let mut sum = 0u;
[INFO] [stdout]   |                   ^^ invalid suffix `u`
[INFO] [stdout]   |
[INFO] [stdout]   = help: the suffix must be one of the integral types (`u32`, `isize`, etc)
[INFO] [stdout] 
[INFO] [stdout] 
[INFO] [stdout] error: invalid suffix `u` for integer literal
[INFO] [stdout]  --> src/bin/1.rs:2:16
[INFO] [stdout]   |
[INFO] [stdout] 2 |     let mut sum = 0u;
[INFO] [stdout]   |                   ^^ invalid suffix `u`
[INFO] [stdout]   |
[INFO] [stdout]   = help: the suffix must be one of the integral types (`u32`, `isize`, etc)
[INFO] [stdout] 
[INFO] [stdout] 
[INFO] [stdout] error: invalid suffix `u` for integer literal
[INFO] [stdout]  --> src/bin/1.rs:3:17
[INFO] [stdout]   |
[INFO] [stdout] 3 |     for x in range(0u, 1000u) {
[INFO] [stdout]   |                    ^^ invalid suffix `u`
[INFO] [stdout]   |
[INFO] [stdout]   = help: the suffix must be one of the integral types (`u32`, `isize`, etc)
[INFO] [stdout] 
[INFO] [stdout] 
[INFO] [stdout] error: invalid suffix `u` for integer literal
[INFO] [stdout]  --> src/bin/1.rs:3:21
[INFO] [stdout]   |
[INFO] [stdout] 3 |     for x in range(0u, 1000u) {
[INFO] [stdout]   |                        ^^^^^ invalid suffix `u`
[INFO] [stdout]   |
[INFO] [stdout]   = help: the suffix must be one of the integral types (`u32`, `isize`, etc)
[INFO] [stdout] 
[INFO] [stdout] 
[INFO] [stdout] error: invalid suffix `u` for integer literal
[INFO] [stdout]  --> src/bin/1.rs:3:17
[INFO] [stdout]   |
[INFO] [stdout] 3 |     for x in range(0u, 1000u) {
[INFO] [stdout]   |                    ^^ invalid suffix `u`
[INFO] [stdout]   |
[INFO] [stdout]   = help: the suffix must be one of the integral types (`u32`, `isize`, etc)
[INFO] [stdout] 
[INFO] [stdout] 
[INFO] [stdout] error: invalid suffix `u` for integer literal
[INFO] [stdout]  --> src/bin/1.rs:3:21
[INFO] [stdout]   |
[INFO] [stdout] 3 |     for x in range(0u, 1000u) {
[INFO] [stdout]   |                        ^^^^^ invalid suffix `u`
[INFO] [stdout]   |
[INFO] [stdout]   = help: the suffix must be one of the integral types (`u32`, `isize`, etc)
[INFO] [stdout] 
[INFO] [stdout] 
[INFO] [stdout] error: aborting due to 3 previous errors
[INFO] [stdout] 
[INFO] [stdout] 
[INFO] [stdout] error: aborting due to 3 previous errors
[INFO] [stdout] 
[INFO] [stdout] 
[INFO] [stdout] error[E0046]: not all trait items implemented, missing: `Item`
[INFO] [stdout]  --> src/bin/2.rs:9:1
[INFO] [stdout]   |
[INFO] [stdout] 9 | impl Iterator<uint> for Fibonacci {
[INFO] [stdout]   | ^^^^^^^^^^^^^^^^^^^^^^^^^^^^^^^^^ missing `Item` in implementation
[INFO] [stdout]   |
[INFO] [stdout]   = help: implement the missing item: `type Item = Type;`
[INFO] [stdout] 
[INFO] [stdout] 
[INFO] [stdout] error[E0412]: cannot find type `uint` in this scope
[INFO] [stdout]  --> src/bin/4.rs:1:24
[INFO] [stdout]   |
[INFO] [stdout] 1 | fn is_palindromic(num: uint) -> bool {
[INFO] [stdout]   |                        ^^^^ not found in this scope
[INFO] [stdout] 
[INFO] [stdout] 
[INFO] [stdout] error[E0425]: cannot find function `range` in this scope
[INFO] [stdout]  --> src/bin/4.rs:8:11
[INFO] [stdout]   |
[INFO] [stdout] 8 |     for x in range(100u, 1000).rev() {
[INFO] [stdout]   |              ^^^^^ not found in this scope
[INFO] [stdout] 
[INFO] [stdout] 
[INFO] [stdout] error[E0425]: cannot find function `range` in this scope
[INFO] [stdout]  --> src/bin/4.rs:9:12
[INFO] [stdout]   |
[INFO] [stdout] 9 |         for y in range(100u, 1000).rev() {
[INFO] [stdout]   |                  ^^^^^ not found in this scope
[INFO] [stdout] 
[INFO] [stdout] 
[INFO] [stdout] error[E0046]: not all trait items implemented, missing: `Item`
[INFO] [stdout]  --> src/bin/2.rs:9:1
[INFO] [stdout]   |
[INFO] [stdout] 9 | impl Iterator<uint> for Fibonacci {
[INFO] [stdout]   | ^^^^^^^^^^^^^^^^^^^^^^^^^^^^^^^^^ missing `Item` in implementation
[INFO] [stdout]   |
[INFO] [stdout]   = help: implement the missing item: `type Item = Type;`
[INFO] [stdout] 
[INFO] [stdout] 
[INFO] [stdout] error[E0412]: cannot find type `uint` in this scope
[INFO] [stdout]  --> src/bin/5.rs:1:10
[INFO] [stdout]   |
[INFO] [stdout] 1 | fn gcd(a:uint, b:uint) -> uint {
[INFO] [stdout]   |          ^^^^ not found in this scope
[INFO] [stdout] 
[INFO] [stdout] 
[INFO] [stdout] error: aborting due to 8 previous errors
[INFO] [stdout] 
[INFO] [stdout] 
[INFO] [stdout] error[E0412]: cannot find type `uint` in this scope
[INFO] [stdout]  --> src/bin/5.rs:1:18
[INFO] [stdout]   |
[INFO] [stdout] 1 | fn gcd(a:uint, b:uint) -> uint {
[INFO] [stdout]   |                  ^^^^ not found in this scope
[INFO] [stdout] 
[INFO] [stdout] 
[INFO] [stdout] error[E0412]: cannot find type `uint` in this scope
[INFO] [stdout]  --> src/bin/5.rs:1:27
[INFO] [stdout]   |
[INFO] [stdout] 1 | fn gcd(a:uint, b:uint) -> uint {
[INFO] [stdout]   |                           ^^^^ not found in this scope
[INFO] [stdout] 
[INFO] [stdout] 
[INFO] [stdout] error: aborting due to 8 previous errors
[INFO] [stdout] 
[INFO] [stdout] 
[INFO] [stdout] error[E0425]: cannot find function `range` in this scope
[INFO] [stdout]   --> src/bin/5.rs:10:11
[INFO] [stdout]    |
[INFO] [stdout] 10 |     for x in range(1u,20) {
[INFO] [stdout]    |              ^^^^^ not found in this scope
[INFO] [stdout] 
[INFO] [stdout] 
[INFO] [stdout] Some errors have detailed explanations: E0046, E0107, E0412.
[INFO] [stdout] 
[INFO] [stdout] For more information about an error, try `rustc --explain E0046`.
[INFO] [stdout] 
[INFO] [stdout] error[E0412]: cannot find type `uint` in this scope
[INFO] [stdout]   --> src/bin/5.rs:11:11
[INFO] [stdout]    |
[INFO] [stdout] 11 |         let hcf:uint = gcd(x,result);
[INFO] [stdout]    |                 ^^^^ not found in this scope
[INFO] [stdout] 
[INFO] [stdout] 
[INFO] [stdout] Some errors have detailed explanations: E0046, E0107, E0412.
[INFO] [stdout] 
[INFO] [stdout] For more information about an error, try `rustc --explain E0046`.
[INFO] [stdout] 
[INFO] [stdout] error[E0425]: cannot find function `range` in this scope
[INFO] [stdout]  --> src/bin/1.rs:3:11
[INFO] [stdout]   |
[INFO] [stdout] 3 |     for x in range(0u, 1000u) {
[INFO] [stdout]   |              ^^^^^ not found in this scope
[INFO] [stdout] 
[INFO] [stdout] 
[INFO] [stdout] error[E0425]: cannot find function `range` in this scope
[INFO] [stdout]  --> src/bin/1.rs:3:11
[INFO] [stdout]   |
[INFO] [stdout] 3 |     for x in range(0u, 1000u) {
[INFO] [stdout]   |              ^^^^^ not found in this scope
[INFO] [stdout] 
[INFO] [stdout] 
[INFO] [stdout] error: aborting due to 6 previous errors
[INFO] [stdout] 
[INFO] [stdout] 
[INFO] [stdout] Some errors have detailed explanations: E0412, E0425.
[INFO] [stdout] 
[INFO] [stdout] For more information about an error, try `rustc --explain E0412`.
[INFO] [stdout] 
[INFO] [stdout] error: aborting due to 7 previous errors
[INFO] [stdout] 
[INFO] [stdout] 
[INFO] [stdout] Some errors have detailed explanations: E0412, E0425.
[INFO] [stdout] 
[INFO] [stdout] For more information about an error, try `rustc --explain E0412`.
[INFO] [stdout] 
[INFO] [stdout] error: aborting due to 4 previous errors
[INFO] [stdout] 
[INFO] [stdout] 
[INFO] [stdout] For more information about this error, try `rustc --explain E0425`.
[INFO] [stdout] 
[INFO] [stdout] error: aborting due to 4 previous errors
[INFO] [stdout] 
[INFO] [stdout] 
[INFO] [stdout] For more information about this error, try `rustc --explain E0425`.
[INFO] [stdout] 
[INFO] [stderr] error: build failed
[INFO] running `Command { std: "docker" "inspect" "f590f84c511b6dce4938ae724c68c522f93aad30b3908607ca535a4e93a226a9", kill_on_drop: false }`
[INFO] running `Command { std: "docker" "rm" "-f" "f590f84c511b6dce4938ae724c68c522f93aad30b3908607ca535a4e93a226a9", kill_on_drop: false }`
[INFO] [stdout] f590f84c511b6dce4938ae724c68c522f93aad30b3908607ca535a4e93a226a9
